 10. Let n be v(-7). Let r = 14 + n. Is r a composite number?
False
Let z(a) = 2*a**2 + 4*a - 3. Is z(14) composite?
True
Is (-3 - (30 - -4))/(-1) composite?
False
Let i(x) = x**3 - 3*x**2 + 3*x - 3. Let r be i(3). Is 2/r + 512/12 composite?
False
Let n(g) = 24*g**2 + 3*g - 1. Let v be n(2). Let z = v + 30. Is z prime?
True
Let z(m) = m**3 - 3*m**2 + 3*m - 4. Let p = 5 - 2. Let y be z(p). Suppose y = 3*h - 40. Is h composite?
True
Let i = 6 - 4. Suppose 115 = i*o - 211. Is o composite?
False
Let b = -2 - -12. Is (-5)/b*31*-6 a prime number?
False
Let t = -287 + 624. Is t a composite number?
False
Suppose 3038 = 2*v + 4*j, 2*j - 4068 = 4*v - 10184. Is v a prime number?
False
Let z be (4/12)/(1/12). Let k(q) = 5*q**2 - 5*q + 1 - 3*q**2 + z*q**2 + 9*q - q**3. Is k(6) a composite number?
True
Let g(l) = l**3 + 9*l**2 + 6*l - 5. Let b be (2/3)/((-4)/(-6)). Suppose b = -y - 4. Is g(y) a composite number?
True
Let a = -669 - -988. Is a composite?
True
Suppose 0*n - 2*n + 4106 = 0. Is n a prime number?
True
Suppose -2*t = 2*j - 4*j + 2, j + 4*t = 11. Suppose j*d - 63 - 45 = 0. Suppose -2 = -2*o + d. Is o a composite number?
False
Let c(k) = -k**2 + 6*k. Let a be c(6). Let t(q) = -13*q - 50. Let g(l) = 7*l + 25. Let s(o) = -11*g(o) - 6*t(o). Is s(a) a prime number?
False
Let o(i) = i - 13. Let n be o(6). Let k(x) = -x**3 - 5*x**2 + 5*x - 5. Is k(n) prime?
False
Is -7*5/(20/(-892)) a prime number?
False
Let p(m) = 46*m**2 + 4*m + 23. Is p(-6) a prime number?
False
Let x = 1 - -1. Let k(w) = 5*w**3 - 4*w**2 - w + 3. Let q(h) = -20*h**3 + 17*h**2 + 4*h - 13. Let r(p) = x*q(p) + 9*k(p). Is r(2) a prime number?
True
Let l = -1 - -5. Let j(g) = 27*g**2 - 5. Is j(l) prime?
False
Is 6/(6/1) + 1110 composite?
True
Let n(t) = -t**3 + t. Let j be n(-1). Suppose 4*l + 8 = 0, j = v + l - 6*l - 8. Is (153 + 1)/2 - v composite?
False
Suppose -9 = -2*v + 35. Is v*(-124)/24*-3 a prime number?
False
Let s(a) = 2*a - 18. Let u be s(10). Suppose -5*d + 435 = -u*d. Is d prime?
False
Let l(z) = -16*z + 7. Let g(w) = w**2 - 5. Let n be g(0). Is l(n) composite?
True
Let j = 78 - -143. Let n = -106 + j. Is n composite?
True
Let f(w) = 6*w + 12 + 3*w + 0 + 2*w. Is f(5) composite?
False
Let w(t) = -t**3 - 5*t**2 + 7*t - 3. Is w(-7) prime?
False
Suppose -4*x - 111 = -1539. Suppose 0 = -5*p + b + x, -p - 2*b - 146 = -3*p. Is p composite?
False
Suppose 3*z - 15 - 6 = -g, 43 = 3*g + 5*z. Suppose b = 4*b - g, p + b = 6. Suppose 4*t = 3*r + 41, 3*r + 43 = p*t + 2*r. Is t composite?
False
Let i(j) = 1 + 12*j**3 - 2*j - 42*j**3 - 10*j**3 - 6*j**3. Is i(-2) composite?
False
Let h(d) = d**3 + 9*d**2 + 8*d + 7. Let o(z) = z**2 - 5*z + 3. Let j be o(3). Let m = -3 + j. Is h(m) a prime number?
True
Suppose 164 = 2*o - y + 3*y, o = 4*y + 67. Is o a composite number?
False
Suppose -5*g = -4*a - 561, g = -3*g - 3*a + 455. Suppose -g = -f - 0*f. Is f composite?
False
Let q(n) be the third derivative of 7*n**4/6 + n**3/2 + n**2. Suppose 10*v = 4*v + 24. Is q(v) a composite number?
True
Let t(n) = -63*n + 2. Is t(-1) a composite number?
True
Suppose 0 = -5*s + 49 - 4. Is ((-4)/6)/((-2)/s) a prime number?
True
Suppose -6272 = -4*d + g, 3*g - 3250 + 128 = -2*d. Is d a prime number?
True
Let w(c) = -10*c + 7. Is w(-12) prime?
True
Let o(k) = k**3 - 5*k**2 + 2*k - 4. Let a be o(5). Suppose 4*t = 3*s + 32, 0*s - 35 = 5*s - 3*t. Let x = a - s. Is x composite?
True
Let o(y) = y**3 + 21*y**2 - 19*y + 13. Is o(-16) a composite number?
False
Suppose 3*v - 4 = 2. Suppose -v*l + 207 = l. Is l a prime number?
False
Let t(y) = -2*y**2 - 12*y + 2. Suppose 5*g = 15, z - 3*z + 3*g - 13 = 0. Let d(a) = -a**2 - 6*a + 1. Let p(r) = z*t(r) + 5*d(r). Is p(-3) prime?
False
Let x(m) = 2*m**3 - m**2 - 3*m + 1. Let w be x(2). Suppose w*t = 2*t + 845. Is t a composite number?
True
Let z = -6 - -10. Suppose z*f = -4*t + 688, 2 = 3*f + 8. Suppose -3*s + 591 - t = 0. Is s composite?
False
Suppose 0 = -n + 3*n - 16. Suppose -n = f - 5*f. Suppose -b = f*b - 159. Is b a composite number?
False
Suppose -3*u = -7*u + 4, -5*u + 1860 = 5*v. Is v a composite number?
True
Let w(c) = 20*c**2 + c - 1. Let f(u) = -u + 2. Let r be f(4). Is w(r) prime?
False
Suppose 6*q + 196 = 982. Is q composite?
False
Let r(n) = 9*n**2 - 5*n - 2. Let o(m) = -m**2 + m + 1. Let s(t) = -3*o(t) + r(t). Is s(7) composite?
True
Let r = 126 + -75. Is r prime?
False
Let y(u) = u - 4. Suppose 5*l - 3*g = 41, g - 4 = -4*l + 22. Let d be y(l). Suppose -2*c - 41 = -2*h - 277, d*c = h + 348. Is c prime?
False
Suppose 669 = u + f - 374, 0 = 3*u - 2*f - 3119. Is u a prime number?
False
Suppose 5 + 4 = n. Suppose -5*f - m = -17, n*m = 4*m - 15. Is f composite?
True
Let x(y) = -29*y - 40. Is x(-9) a prime number?
False
Suppose -1344 = -v - 0*m + 3*m, -3*m = -4*v + 5331. Is v prime?
False
Suppose 4*n = 4, 0*o - 2*n = -2*o - 274. Let k = o + 225. Is k a prime number?
True
Suppose -2*w + w + 5*x + 104 = 0, 5*x - 5 = 0. Let t = w - 72. Is t composite?
False
Let b(a) = -a**2 + 3*a + 2. Let d be b(3). Suppose -3*l + 378 = -3*x, 2*l + d*x = l + 117. Is l composite?
True
Let g = 312 + -194. Is g prime?
False
Suppose j + 4*r = -0*r + 23, 4*j = r + 7. Suppose j*c + g - 716 = 0, -g = 3*c + 4*g - 700. Let k = 359 - c. Is k prime?
False
Suppose 43 = 4*t + h - 705, 0 = -3*h. Is t composite?
True
Let u(t) = -4*t**3 - 2*t**2 - 2*t - 1. Let c be u(-1). Is -2*c/6*-127 composite?
False
Suppose v - 2*j - 267 = 0, 3*v - 263 = 2*v + 3*j. Let y = v - 109. Is y prime?
False
Let v be 8 + (3/1 - 6). Suppose 449 = -4*p + v*s + 5525, -3*s = 2*p - 2560. Suppose 0*m - t = 4*m - p, 2*m = 5*t + 648. Is m prime?
False
Suppose 3*d - 5*k = 617, -d + 215 = -4*k + 7*k. Is d composite?
True
Suppose -23 = -5*k - 8, -2*d + 4*k - 6 = 0. Let m = 1 + d. Suppose -600 = -4*o + m*s, -4*o + 299 + 298 = -s. Is o a composite number?
False
Let t be 130/(-6) - 2/(-3). Let x = 54 + t. Is x prime?
False
Let c = 2359 + -1374. Is c a composite number?
True
Suppose 0 = -3*n + 258 - 45. Is n a prime number?
True
Let c(m) = 40*m. Let n be c(1). Let r = 66 + n. Suppose -v - v = -r. Is v a composite number?
False
Let d(t) = 5*t - 7. Let q be d(-6). Is 2*1/(-2)*q composite?
False
Suppose -t = -5*a + 17, -3*t + 0 = -2*a - 1. Suppose -4*z - 401 = -5*j, -2*z - 162 = -t*j + j. Is j a prime number?
False
Suppose -3*h + 2 + 10 = 0. Suppose 2*r - h*r = -106. Let k = -27 + r. Is k a composite number?
True
Is 919/((-3)/(-9)*3) a composite number?
False
Suppose m = -0*m - 2. Is (m - -5 - 0) + 62 prime?
False
Let y be ((-3)/3 - -6)/1. Let z(d) = -d**3 + 4*d**2 - 10*d - 3. Let h(r) = -r**2. Let l(b) = y*h(b) - z(b). Is l(8) a composite number?
False
Suppose 0 = 4*a + 2*o - 0*o - 6, 16 = -a + 3*o. Let v = a - -1. Suppose v = -4*d + 132 - 8. Is d composite?
False
Is (-2)/(-11) - (-3331)/11 prime?
False
Suppose -2*y + 4073 = 5*b - 0*y, -4*b + 3257 = 3*y. Is b a prime number?
False
Let q(f) = -1 + 0*f**2 + 4 - 22*f**3 - 2*f**2 - 10*f**3. Is q(-2) prime?
True
Let t(l) = l**3 + 6*l**2 + 3*l - 1. Let s(u) = u**2 - 9*u - 5. Let i be s(9). Is t(i) a prime number?
False
Let p be 4/14 + 6/(-21). Let n(k) = k**3 + k + 69. Is n(p) a composite number?
True
Let h(z) = -9*z**2 + z - 6. Let n(t) = 5*t**2 + 3. Let p(f) = -4*h(f) - 7*n(f). Suppose -j = -9*v + 4*v + 18, 4*v - 18 = -j. Is p(v) composite?
False
Let s be (1 + (-3)/2)*-2. Let b(w) be the third derivative of 9*w**5/10 + w**3/6 + 4*w**2. Is b(s) composite?
True
Suppose 0 = -3*b - 0*b - 5*y + 1021, -b + 2*y + 333 = 0. Is b a prime number?
True
Is 15099/(-63)*-1*3 composite?
False
Let b(h) = -23*h**3 + h**2 + h - 4. Is b(-3) prime?
False
Let w(y) = 7*y**2 - 10. Is w(-3) composite?
False
Is 2/(-7) - (113625/35)/(-5) a prime number?
False
Let o(j) = j**2 + 6*j - 4. Let f be o(-7). Let u be ((-13)/1)/(f/(-6)). Let r = -13 + u. Is r composite?
False
Let y(j) = 324*j - 2. Let q(m) = -486*m + 3. Let l(g) = -5*q(g) - 8*y(g). Is l(-1) composite?
False
Let w = 72 - -301. Is w a composite number?
False
Let o(h) = 4*h**3 + h - 1. Let r be o(1). Let p be (-80)/25*(-10)/r. Suppose -p*v - 46 = -10*v. Is v prime?
True
Let a = 735 - 470. Is a prime?
False
Let x(l) = -l**2 + 2*l**2 + 1 - 4*l**2 + l**2 - 60*l**3. Is x(-1) a composite number?
False
Let t(l) = -l**2 - 5*l + 6. Let m be t(-5). Let q(r) = 2*r**2 + 5*r +